 - 3. Calculate l(-4).
-15
Let x(c) = -c**3 - 7*c**2 + c - 14. Determine x(-7).
-21
Let h(o) = -o - 4. Calculate h(1).
-5
Let v(y) = -3*y + 105. Calculate v(-12).
141
Let u(c) = -21*c - 15. What is u(-6)?
111
Let s(b) = b - 2. What is s(1)?
-1
Let v(y) = -5*y**3 - y**2 + 3*y + 2. Determine v(-1).
3
Let g(d) = d**3 + 6*d**2 + 6*d + 105. What is g(-7)?
14
Let g(t) = -9*t - 81. Give g(-10).
9
Let o(b) = b**2 - 16*b + 46. Give o(13).
7
Let n(t) = 2*t - 21. Calculate n(-6).
-33
Let a(o) = 3*o - 19. Give a(13).
20
Let g(z) = z - 7. Calculate g(-3).
-10
Let w(l) = 30*l + 562. What is w(-19)?
-8
Let b(d) = -2*d**2 - 16*d + 136. Give b(-13).
6
Let p(t) = 20*t + 2. Determine p(2).
42
Let j(v) = 5*v + 36. What is j(-8)?
-4
Let v(l) = -l**2 + 31*l - 10. Calculate v(31).
-10
Let s(o) = 4*o**2 - 212*o - 26. Calculate s(53).
-26
Let u(t) = 2*t + 2. Calculate u(-13).
-24
Let y(x) = -x**3 - 6*x**2 - 7*x + 1. Determine y(-5).
11
Let l(v) = -115*v + 226. Calculate l(2).
-4
Let t(x) = -x**3 + 7*x**2 - 8*x + 2. What is t(3)?
14
Let a(b) = -b + 10. Give a(11).
-1
Let y(h) = 2*h - 6. Determine y(-6).
-18
Let j(t) = t**2 - 9*t + 18. Give j(6).
0
Let x(j) = -j**2 + 2*j + 9. Determine x(0).
9
Let w(j) = j**3 - 3*j**2 + 2*j + 4. Calculate w(3).
10
Let r(c) = 38*c**2 - c - 1. Give r(-1).
38
Let c(l) = -3*l + 59. Give c(19).
2
Let j(s) = s - 38. What is j(0)?
-38
Let j(n) = -n**3 + 12*n**2 - 14*n + 8. What is j(11)?
-25
Let k(d) = -d**2 + 17*d - 18. Determine k(17).
-18
Let t(q) = -q**3 - 5*q**2 + 10*q + 7. Determine t(-6).
-17
Let k(x) = -11*x**2 - 2*x - 3. What is k(-1)?
-12
Let c(s) = 2*s**3 + 47*s**2 - 29*s - 101. Determine c(-24).
19
Let x(k) = -3*k**2 + 7*k + 19. What is x(5)?
-21
Let m(a) = 7*a + 32. Calculate m(-14).
-66
Let t(b) = 2*b - 46. Give t(14).
-18
Let l(b) = -4*b - 34. Give l(-7).
-6
Let b(n) = -21*n**2 - 4*n + 4. Give b(3).
-197
Let c(b) = -b**3 - b**2 - b + 4. Calculate c(0).
4
Let w(f) = 2*f**2 - 19*f - 16. Determine w(9).
-25
Let s(d) = 11*d**2 + 22*d - 3. Determine s(-3).
30
Let l(n) = -2*n**2 + 7*n - 3. Calculate l(5).
-18
Let j(i) = 3*i**3 - 3*i**2 - i - 6. Give j(3).
45
Let j(p) = -p**2 - 6*p - 16. Give j(0).
-16
Let l(f) = f**3 + 7*f**2 - 3*f - 10. What is l(-7)?
11
Let o(q) = -17*q**2 + 82*q - 5. Calculate o(4).
51
Let n(g) = -2*g**3 - 2*g**2 + 3*g + 3. Determine n(-2).
5
Let r(g) = -2*g**2 - 2*g - 2. What is r(-4)?
-26
Let x(m) = -5*m**2 - 8*m + 6. What is x(-3)?
-15
Let p(w) = 5*w - 1. Calculate p(1).
4
Let m(o) = -o**2 + 6*o + 32. Give m(8).
16
Let z(t) = -t**3 - 8*t**2 - 3*t + 7. Determine z(-8).
31
Let l(r) = 29*r + 613. Calculate l(-21).
4
Let g(j) = j**2 - j - 7. Determine g(-5).
23
Let z(v) = -v**2 - 6*v + 4. What is z(-8)?
-12
Let n(z) = -z**3 - 4*z**2 + 6*z + 2. Calculate n(-5).
-3
Let u(y) = y - 12. What is u(-5)?
-17
Let g(m) = -m**3 - 7*m**2 - 2*m - 43. What is g(-8)?
37
Let j(g) = -5*g - 99. What is j(-18)?
-9
Let q(f) = 8*f - 9. Calculate q(4).
23
Let s(y) = -y**2 - 42*y - 80. What is s(-40)?
0
Let m(g) = -3*g - 1. What is m(2)?
-7
Let f(u) = 9*u**2 - 2*u + 1. Determine f(2).
33
Let a(w) = w**3 - 7*w**2 + 6*w + 2. Give a(6).
2
Let m(g) = g**3 - 9*g**2 + 8*g + 6. What is m(8)?
6
Let i(h) = h + 11. What is i(-17)?
-6
Let t(l) = -l**3 + 3*l**2 + 4*l + 3. Give t(3).
15
Let l(z) = z**3 + 3*z**2 + 3*z + 5. Determine l(-3).
-4
Let r(o) = -o**3 + o**2 + 2*o - 6. Give r(0).
-6
Let m(f) = -f**2 - 13*f + 99. What is m(-19)?
-15
Let u(j) = -2*j + 2. Give u(0).
2
Let o(t) = -t + 3. Give o(7).
-4
Let x(w) = -39*w - 243. Calculate x(-7).
30
Let c(n) = -2*n**3 - 2*n**2 + 5*n + 4. Calculate c(0).
4
Let c(k) = -k**2 + 11*k + 4. Give c(11).
4
Let u(i) = i**3 - 9*i**2 + i + 7. Calculate u(9).
16
Let c(f) = -3*f - 31. Calculate c(-12).
5
Let u(p) = -24*p - 450. Calculate u(-19).
6
Let h(x) = -75*x**2. Determine h(1).
-75
Let y(n) = 3*n**2 - 26*n - 8. What is y(9)?
1
Let r(o) = o**2 - 22*o + 99. Determine r(9).
-18
Let s(q) = -3*q**3 - 9*q**2 + 2*q + 5. What is s(-3)?
-1
Let a(p) = p + 1. What is a(-3)?
-2
Let x(r) = -2*r**2 - 2*r - 2. Give x(-1).
-2
Let b(z) = -2*z**2 - 30*z + 20. What is b(-15)?
20
Let r(x) = -2*x + 14. Determine r(0).
14
Let h(u) = u**3 - 8*u**2 + 7*u. What is h(7)?
0
Let k(n) = -3*n - 38. Give k(-13).
1
Let t(l) = 16*l + 1. What is t(1)?
17
Let l(r) = r**2 - 3*r + 1. Determine l(6).
19
Let z(n) = -n**3 + 11*n**2 - 24*n + 2. What is z(7)?
30
Let y(k) = k**2 - 7*k - 12. Calculate y(9).
6
Let b(w) = -w**2 - 3*w - 2. Give b(-6).
-20
Let z(q) = -2*q - 13. Give z(-7).
1
Let u(i) = 3*i**2 + i - 1. Give u(1).
3
Let o(r) = r**2 - 10*r - 12. What is o(12)?
12
Let w(p) = p**3 + 10*p**2 + 12*p. What is w(-9)?
-27
Let r(g) = -g**2 + 3*g + 6. Calculate r(6).
-12
Let r(c) = 2*c**2 + 10*c + 9. Determine r(-6).
21
Let r(u) = -2*u**2 - 4*u + 2. Calculate r(-4).
-14
Let d(b) = 7*b - 43. Determine d(7).
6
Let d(k) = k**2 - 7*k + 1. Give d(-5).
61
Let x(k) = -2*k**2 - 57*k - 81. Give x(-27).
0
Let o(g) = 15*g + 111. Give o(-7).
6
Let f(v) = v**3 - 8*v**2 - 17*v - 14. Determine f(9).
-86
Let n(s) = -6*s**3 + s**2 - 2*s - 2. Determine n(-1).
7
Let n(k) = 2*k**3 - 11*k**2 - 4*k - 7. What is n(6)?
5
Let h(n) = -n**3 + 13*n**2 + 16*n + 4. Give h(14).
32
Let b(t) = t**2 - 61*t + 274. What is b(56)?
-6
Let k(q) = -q**3 - 36*q**2 + 33*q - 144. Give k(-37).
4
Let n(l) = 7*l - 184. Calculate n(23).
-23
Let r(o) = o**2 - 5*o - 8. Give r(6).
-2
Let q(x) = -14*x**2 - 21*x - 37. Give q(-2).
-51
Let r(k) = -k**3 + 13*k**2 - 12*k + 5. Calculate r(12).
5
Let y(r) = -2*r**2 - 8*r - 5. Determine y(-8).
-69
Let r(y) = -2*y**2 - 2*y + 139. Determine r(0).
139
Let q(p) = p**3 - p - 40. Determine q(0).
-40
Let q(n) = 18*n**3 - 3*n - 2. Give q(-1).
-17
Let t(a) = a**3 - 10*a**2 + 7*a + 9. What is t(9)?
-9
Let w(l) = l**3 + 3*l**2 - 16*l + 10. Give w(-6).
-2
Let m(v) = -12*v + 32. Give m(2).
8
Let h(p) = -7*p**2 + 3. Determine h(3).
-60
Let a(b) = -2*b - 9. Determine a(-9).
9
Let g(l) = -l**3 + 8*l**2 + 8*l - 9. Give g(9).
-18
Let f(z) = -34*z**3 - 3*z**2 + 4*z - 2. What is f(1)?
-35
Let a(o) = -o**2 + 6*o + 4. What is a(9)?
-23
Let r(y) = -2*y + 7. Calculate r(7).
-7
Let p(f) = f**2 + 7*f - 17. Give p(2).
1
Let z(v) = v**3 - 12*v**2 - 4. Calculate z(12).
-4
Let o(v) = -v**3 - 7*v**2 - 2*v - 5. Calculate o(-7).
9
Let g(k) = -3*k**2 + 47*k - 5. Calculate g(15).
25
Let a(t) = -t - 12. What is a(-21)?
9
Let q(o) = 14*o + 21. Give q(-2).
-7
Let j(g) = 2*g + 1. Determine j(-1).
-1
Let a(o) = 29*o**2 - o + 1. What is a(-1)?
31
Let j(v) = -26*v - 2422. Determine j(-93).
-4
Let m(o) = -o**3 + 17*o**2 - 30*o + 15. Calculate m(15).
15
Let b(g) = 5*g - 1. Determine b(13).
64
Let l(u) = u**2 - 3*u. Determine l(-3).
18
Let o(d) = -2*d + 43. Determine o(16).
11
Let z(n) = -2*n**3 + n**2 + n - 4. What is z(2)?
-14
Let b(y) = -y**2 - 13*y - 57. What is b(-7)?
-15
Let t(p) = p**3 + 5*p**2 - p - 1. What is t(-4)?
19
Let k(f) = f**3 + 15*f**2 + f + 20. Give k(-15).
5
Let s(j) = j + 27. Determine s(-18).
9
Let j(c) = c**2 + 8*c + 7. Calculate j(-7).
0
Let h(w) = -15*w - 3. What is h(2)?
-33
Let k(r) = -r**2 + 25*r + 47. Calculate k(27).
-7
Let c(z) = 19*z - 10. Give c(3).
47
Let t(r) = -r**2 - 4*r + 14. Give t(7).
-63
Let q(f) = -4*f - 5. What is q(-4)?
11
Let b(m) = 54*m - 284. What is b(5)?
-14
Let k(a) = -2*a**3 + 15*a**2 - 3*a - 12. What is k(7)?
16
Let c(y) = 2*y + 7. What is c(-8)?
-9
Let f(h) = -h**3 - 14*h**2 - 2*h - 7. Calculate f(-14).
21
Let h(u) = -5*u - 125. Give h(-21).
-20
Let a(k) = -3*k + 11. Give a(5).
-4
Let k(h) = -5*h + 13. Give k(-6).
43
Let l(y) = -y**2 + y - 1. Calculate l(5).
-21
Let o(w) = w**3 - 2*w + 1. Give o(0).
1
Let f(k) = -k**2 - 33*k - 114. What is f(-26)?
68
Let l(m) = -m**3 + 21*m**2 + 16*m + 124. Determine l(22).
-8
Let w(p) = -22*p + 2. What is w(-2)?
46
Let d(f) = -f + 3. What is d(7)?
-4
Let o(k) = -2*k**2 + 3*k + 7. Give o(-2).
-7
Let k(i) = 5*i**3 - 10*i**2 - 11*i + 6. Calculate k(3).
18
Let k(m) = -2*m**2 + m + 1. Calculate k(4).
-27
Let c(y) = 4*y**2 - 98*y - 36. Give c(25).
14
Let h(w) = -9*w**2 + 5. Determine h(3).
-76
Let h(b) = 31*b**2 + 5*b + 7. Determine h(-2).
121
Let d(r) = -r + 18. Give d(-13).
31
Let a(o) = o**3 + 7*o**2 - 16*o + 1. Give a(-7).
113
Let y(r) = 3*r - 14. Give y(0).
-14
Let d(t) = 15*t - 539. Calculate d(36).
1
Let m(c) = -